12?
2
What is the value of -1 + -4 + (-7 - (-30 + (-4 - -8)))?
14
What is (1 - -4) + 4 - (-61 + 70)?
0
What is 7 - (16 + (-4 - (-10 - -8)))?
-7
What is (15 + -10 - 7) + 6?
4
Calculate 38 + 0 - (525 + -506).
19
What is 0 + -8 - (3 - -10) - -5?
-16
Calculate (-1 - (3 - 0)) + 3 + 14.
13
What is 16 - (17 + -3 + -11)?
13
(-10 + 29 - 27 - -5) + 17 + 1
15
Evaluate -8 + 10 + (3 - 1) + (-3 - 0).
1
(-2 - (8 + -2 + -9)) + -19
-18
What is 1 - 17 - ((-2 - -24) + (-56 - -44))?
-26
Calculate -13 + (18 - (8 + 5)).
-8
What is 5 + 3 + (9 - (-5 - -14))?
8
Evaluate -1 - (22 - (12 + 10 + -12)).
-13
What is the value of -10 - ((16 - 6) + -4 - 14)?
-2
What is -8 + 3 + 0 - (54 + -57)?
-2
What is 6 - 9 - (-3 + 0 + -6 - -3)?
3
What is the value of 0 - ((18 - 1) + -18)?
1
Calculate (-251 - -273) + (12 - -1).
35
Evaluate -3 - 11 - -12 - -7.
5
What is the value of 10 - (-12 + 1) - (1 + 2)?
18
-8 - -9 - (8 - (10 + -2 + -7))
-6
Calculate -2 - (-9 + 3 + 18) - 8.
-22
2 + (4 + 8 - (20 + -16))
10
What is the value of 0 + 7 + (17 - (43 + -5))?
-14
9 + (-1 - -4 - (-161 + 161))
12
Evaluate 4 - -8 - (17 - -5).
-10
What is -13 + -14 + 10 + (29 - 1)?
11
Evaluate -2 + -12 + -30 + (50 - 10).
-4
Evaluate -12 - (-2 - -20 - 34).
4
What is -14 + 17 + 19 - 9?
13
What is the value of -6 - (2 + 0 + -34 + 37)?
-11
Calculate 17 + -2 - (0 - -27).
-12
What is (5 - 6) + (5 - (-8 + 6)) + -5?
1
Evaluate -16 + -9 + 48 + 0.
23
2 - -3 - (-7 - (-4 - (-7 - -5)))
10
Evaluate -12 - ((-25 - -49) + (1 - 7)).
-30
Calculate 23 - 17 - ((0 - -2) + -1).
5
Calculate ((13 - -1) + -7 - 8) + 10 + -8.
1
2 - (7 - (-12 + 9))
-8
Calculate 3 - (47 - 50 - (-11 - -3)).
-2
What is 0 + 3 + -9 + (1 - 1)?
-6
What is the value of 12 - (3 + -1 + 5)?
5
-68 + 51 + (7 - 4)
-14
(-6 - (8 - 10)) + (-7 - 0)
-11
(17 - 0) + 0 + 74 + (79 - 157)
13
What is 5 - 40 - (1 + 1 + 93 + -103)?
-27
What is (-21 - 1) + 1414 + -1369?
23
Calculate 3 - (21 + 11 + -8).
-21
Calculate -6 - 1 - (2 + 0 - 6).
-3
What is the value of 35 + -57 + 9 + 2 + 18?
7
What is 4 + (-5 - (13 - 17))?
3
What is -17 + (21 - 5) + -11?
-12
(18 - (-1 - 18 - -26)) + -2
9
What is -15 + 0 - (-3 - -12 - 16)?
-8
(26 - 14) + -20 + 3
-5
What is 6 - (-46 - -35) - (1 - 0)?
16
What is 0 + (-6 - 0) + 14 + -5 + -14?
-11
Calculate 19 - (4 - 15 - -2).
28
What is the value of -11 + 7 + (-5 - -5 - 3) + -1?
-8
Evaluate 14 - ((17 - 21) + 16).
2
Evaluate 1 - (2 + 2) - (-2 + (-20 - -26)).
-7
What is the value of (-8 - ((1 - 1) + -1)) + (-202 - -200)?
-9
Calculate -11 - (4 - 7 - 0).
-8
-407 + 410 + 0 + -1
2
Evaluate (-7 - -24 - -16) + (1 - 14).
20
Evaluate -26 - -41 - (-4 + 1 + 40).
-22
Calculate 7 + 5 + -15 - -9.
6
What is -15 - (5 + -29) - 17?
-8
What is the value of -4 + 5 + 5 - (-8 - 0 - -6)?
8
Evaluate -8 - (-4 + (-11 - -16) - 2 - 35).
28
What is the value of 4 - (0 - (-10 - (-1 + -9 + -16)))?
20
What is the value of -3 + 8 + 12 + -7 - (-19 - -4)?
25
Calculate (-16 - (1 - 0)) + (10 - 23 - -16).
-14
23 + -35 - -5 - -10
3
Calculate -969 + 967 - (-1 + 27).
-28
Calculate 0 + -8 - (-12 - 13 - -14 - -15).
-12
-7 - (1 - (4 + -12 + 5))
-11
What is the value of 5 + -5 + (-2 - 7) + 18?
9
What is -13 + (12 - (11 - 21)) - (4 - 1)?
6
4 - 1 - (5 + -3 + 10)
-9
Evaluate (-72 - -2) + -370 + 418.
-22
What is the value of (-6 - 2 - -20) + -5 - -17 - 8?
16
Evaluate 2 - 0 - -50 - (-20 - -38).
34
0 + 0 + 0 + 7 + (-2 - -10)
15
What is the value of -6 + -2 + 3 + -5 + 4 - -20?
14
What is 10 + (-30 - 18 - -10)?
-28
Evaluate (-15 - (-38 - -5)) + -5.
13
-21 - (3 + -6 - (-5 - -3))
-20
Evaluate (3 - -29) + -14 - 19.
-1
Calculate -7 + 13 + -3 + -5.
-2
8 - 0 - (29 + -24)
3
Calculate (-22 - (-7 + -2 + 2)) + 9.
-6
What is 2 + (32 - 27) + (-37 - -7)?
-23
What is the value of (7 - 7) + (4 + -7 - 4)?
-7
What is the value of 10 + (13 - 24) + -5 + -2?
-8
-15 + (4 + 12 - 4)
-3
Evaluate -14 + 0 - (189 - 219) - 8.
8
24 - (56 - (48 - 18))
-2
(0 - 7) + 3 + 7 - 10
-7
Evaluate 1 + 9 + -37 + 28.
1
3 + -1 - (-4 + 5) - (-12 + 8)
5
What is the value of (49 + -62 - 7) + -15 + 0?
-35
What is -12 + (-6 + 10 + 4 - 17)?
-21
Calculate (-9 - (-12 - (-19 - -9))) + 25.
18
8 + 4 + -4 + -1 + -8
-1
Calculate (11 - (4 + -1)) + 9 + -15.
2
What is the value of 24 + (27 - (42 - 19))?
28
What is (9 + (-26 - -5) - -25) + 1?
14
What is (12 - -10 - 15) + (1 - 20)?
-12
What is the value of -1 - -2 - (-7 + (10 - 5)) - 0?
3
What is -4 - (-53 + 47 + 7 + 1)?
-6
What is the value of -8 + 1 + 26 + -13 - (-1 - -3)?
4
What is the value of -2 + (2 - (13 + -5)) - (-20 + -1)?
13
What is the value of (-22 - -14 - 5) + 21?
8
Calculate (38 - 1) + 0 - (12 + -9 + 8).
26
What is the value of -19 + -7 - -10 - -11?
-5
What is -16 + 2 + 4 - -10?
0
What is the value of (-2 - -50) + 2 + 6 + (-7 - 10)?
39
Evaluate 5 + (-3 - -1) + 12 + -8.
7
What is 2 + 3 + -11 + (2 - -6) + -1?
1
Evaluate -10 - (11 - 19) - (-9 + 0).
7
21 + 1 - (67 - 78 - (-6 + -2))
25
Calculate (23 - 0) + 2 + (24 - -14) + -32.
31
What is the value of 15 + -9 + 10 - 8?
8
What is the value of 3 + -36 + 11 + 13?
-9
What is 10 - (0 + (-12 - -11)) - 7?
4
What is -1509 + 1475 + (0 - -37)?
3
Evaluate 15 + (-29 - -8) + 1 + -9.
-14
Calculate 1 + 3 + -17 + 21 + -9.
-1
Calculate (-4 - -7) + -5 + -24 + 15.
-11
What is the value of -29 + 66 - 19 - 32?
-14
Calculate -4 + 4 + -3 + -2 + (6 - -7).
8
What is -1 + (-9 - 1) + (35 - 66) + 28?
-14
24 - (-14 + (10 - -5)) - -9
32
Calculate 5 - (-22 + 5 + 6).
16
What is -22 - (3 + (3 + -16 - (-8 - 0)))?
-20
What is the value of -1 - (-11 + (-2 - -9 - 3)) - -21?
27
(23 - 1) + (4 - 5) + -4
17
What is 14 + (-19 - -25 - 14)?
6
What is the value of 4 + 9 - (1 - -1) - (-13 + 20)?
4
What is the value of (9 - 10) + 0 - (3 + -3)?
-1
What is 1 - -10 - (73 + -63)?
1
What is (-17 - -42) + -21 + (5 - 2)?
7
(0 - (-1 - 3) - 2) + -20
-18
Evaluate -5 + 44 + 27 + 18 + -56.
28
Calculate (-2 - -14 - -3) + -22.
-7
Evaluate -170 + 174 - (1 + 14 - (0 - 0)).
-11
Evaluate 14 - -2 - (537 - 529).
8
Evaluate 3 + 1 - (21 + -41 + 42).
-18
What is (9 + -13 - (5 + (-1 - 1))) + -1?
-8
What is the value of -4 + -17 + 1 + 7 + -1?
-14
What is -15 - (37 - 78 - -11)?
15
Evaluate 3 - (11 + (-10 - (-5 + -6) - -3)).
-12
Evaluate -6 - -31 - 16 - (4 + -8 - -15).
-2
-1 + -5 + 11 - (-1 + 7 + 30)
-31
Evaluate (-7 - 0) + 14 + -10 + -3 + -14.
-20
Evaluate (5 - -29) + 16 - 19.
31
What is 1 + -14 + -1 + (5446 - 5438)?
-6
Calculate -15 + -3 - (-897 - -918).
-39
What is the value of -3 - (-2 + 14 + -19)?
4
((-18 - -19) + (-8 - 1) - 0) + 8
0
What is the value of -31 - ((-17 - 13) + 9)?
-10
Calculate -1 - -11 - 1 - 5.
4
What is (-2 - 0) + 1 + 2 - (-16 - -19)?
-2
What is the value of 8 + -1 + (2 - (-4 - -1)) + -6?
6
What is the value of 2 + 0 + 9 - (-81 - -89)?
3
Calculate 12 - (-4 + 1 + -37 + 43 + -6).
15
Evaluate 2 - (-5 - (-7 + 0 + (-3 - -12))).
9
-153 - -173 - (-2 - -15)
7
What is the value of -3 - (2 - (20 - 7))?
8
(-100 - -50) + -3 + 1 - -12
-40
What is 2 - (6 - -13 - (-1 - 6))?
-24
(-9 - -13) + 11 - 8
7
2 + -13 + -6 + 19
2
What is the value of (-1 - (-26 - (9 + -13))) + -9?
12
Calculate 18 + 27 + -52 + -16 + 2.
-21
(5 - -6) + 3 + -24 + -21 + 3
-28
Calculate (-13 - (7 + -5)) + -3.
-18
What is -2 + -7 - (-8 + (4 - 6))?
1
-30 + 5 + (26 - 24 - (2 + 2))
-27
Evaluate 6 + (-67 - -15) + 27.
-19
What is -20 - -40 - 34 - -17?
3
-26 + 0 + 29 + (-38 - -14) + -11
-32
What is the value of -11 + -23 + 24 - 30?
-40
What is the value of -6 + (-15 - -9) - ((0 - -1) + 0)?
-13
What is (15 - (-7 - (3 - 9))) + -8?
8
Calculate 6 + 30 + -16 + -9.
11
What is the value of 19 + 18 + -9 + (5 - -1 - 7)?
27
What is -22 + -4 + 17 + -3?
-12
37 + -26 + (3 - -5)
19
Calculate -11 + (-14 - -9 - (2 + -9)).
-9
-10 - (-5 - (-5 + 5 + -7 - -9))
-3
Evaluate 11 - (17 - (9 - 9)).
-6
What is -3 + -2 - -1 - (0 + 3)?
-7
What is -5 - (-7 + (-11 - (-30 + -1)))?
-18
What is the value of 1 - (6 + (1 - ((15 - 1) + -6)))?
2
What is 4 + -24 + 19 + 17?
16
What is the value of 31 + -19 + -23 - (1 + 9)?
-21
Calculate 1 + -4 - (4 + -9 + 5 - -18).
-21
What is -23 - (-23 + 8) - 0?
-8
1 - (-1 - (1 - 7))
-4
What is 2 - -17 - (22 + -3 + -8)?
8
What is the value of 6 + -7 + (13 - 13) - -9?
8
What is the value of (-15 - 0) + -32 + 43?
-4
Evaluate -4 + 2 - (1 + -3) - (-54 - -61).
-7
What is 48 + (-94 - -51) - (1 + -4 + -1)?
9
What is the value of (-1 - -9) + (0 - -1) + -68 + 38?
-21
What is the value 